ime factors of c?
409
Suppose -2*g = -3*g + 5*j - 840, 0 = -3*g - 3*j - 2484. What are the prime factors of (3/3 - 0)/((-5)/g)?
2, 83
Let a = -33 - -36. Suppose z = a - 7, -z = -3*v + 196. What are the prime factors of v?
2
Let k(u) be the first derivative of 21*u**2/2 + 4*u - 7. Let t(v) = 42*v + 8. Let i(j) = 5*k(j) - 3*t(j). List the prime factors of i(-2).
2, 19
Let x = 18 - 16. Suppose -2*c = -x*y + 34, 25 = 2*y - 2*c - 3*c. List the prime factors of y.
2, 5
Let v(b) = -9 - 12*b + 9 + 10 + 2*b + b**2. What are the prime factors of v(10)?
2, 5
Let v be -7 + 8 - (5 + 1). List the prime factors of 6/15 - 508/v.
2, 3, 17
Let p(m) be the third derivative of m**4/24 - m**3/6 + 3*m**2. Let l be p(-7). List the prime factors of l - -7 - (-11 + 1).
3
Let r(z) = z**3 - 5*z**2 + 1. Let j(d) = 5*d + 1 + 2*d**2 - 3*d - 2*d**2 - 5*d**3 + 2*d**2. Let c be j(-1). What are the prime factors of r(c)?
37
Let j = 7 - 25. Suppose 32 = -69*g + 65*g. Let v = g - j. List the prime factors of v.
2, 5
Suppose 0*k - 46 = -4*k + 2*w, 0 = -4*k - 4*w + 40. Let b = k + -8. Suppose 5*s = -0*s - 4*f + 113, b*s + 5*f = 73. What are the prime factors of s?
3, 7
Let w be (36/16)/((-12)/(-32)). What are the prime factors of (9/(-6))/(w/(-112))?
2, 7
Suppose 16*l = s + 15*l - 5607, 3*s - 16819 = 5*l. What are the prime factors of s?
2, 701
Suppose 33 = 2*i + x, 5*i - 2*x - 55 = x. List the prime factors of i/18 - 1 - (-2938)/18.
163
Let z(u) = -1 - 1 + 11*u - 1. Let j(y) = 6*y - 2. Let l(t) = 9*j(t) - 4*z(t). What are the prime factors of l(3)?
2, 3
Suppose 0 = -4*b + 5*r + 37, -3*b + 5*r = 3*r - 26. Let i be (5 - 0)*b/8. Suppose -i*h + 105 + 2 = 3*g, 2*g + 3*h - 72 = 0. What are the prime factors of g?
3, 13
Suppose 971*a = 982*a - 21879. List the prime factors of a.
3, 13, 17
Suppose -127642 = -260*p + 222*p. What are the prime factors of p?
3359
Let j be (255 - -1) + -2 + -1. Suppose h = j + 67. What are the prime factors of h?
2, 5
Let y(h) = h**3 + h + 3. Let j be y(0). What are the prime factors of 712/10 + j/(-15)?
71
Suppose -32*q + 16277 = -15147. What are the prime factors of q?
2, 491
Let y be (-54)/(-10) - 6/15. Suppose y + 175 = 3*f. What are the prime factors of f?
2, 3, 5
Let l(w) = 23*w**3 - w**2 - 7*w - 2. Let y(i) = 34*i**3 - i**2 - 10*i - 3. Let f(v) = -7*l(v) + 5*y(v). What are the prime factors of f(1)?
3
Let j(c) = c + 4. Let b be j(6). Let t be ((-2)/8)/(b/40). List the prime factors of 29 + 1*(-2 + t).
2, 13
Let q be (-3)/(-21) + (-1179)/21. Let r = q - -114. List the prime factors of r.
2, 29
Suppose 25*z - 2653 = 2897. List the prime factors of z.
2, 3, 37
Let v be (-97)/(3/12*2). Let c be -2 + v - (6 + -7). What are the prime factors of ((-4)/10)/(3/c)?
2, 13
Let j be 3/(5/((-30)/(-9))). Let h be (1/j)/((-2)/28). Let q(z) = z**3 + 7*z**2 - 4*z + 3. What are the prime factors of q(h)?
31
Suppose 3*b - 2*a - 21 = 0, -3*a + 2*a - 8 = -b. Let t be (977 - 5)/6 - 6. Suppose -o - 4*l + 41 = 0, 3*o - t = -b*l - 19. What are the prime factors of o?
7
Let z(d) = d**3 + 5*d**2 - 2*d - 6. Let c be z(-7). Let l be c/70 - 4/(-14). List the prime factors of 2 + l + (-5 - -7).
3
Suppose 11*a = 8*a. Suppose a = 6*s - 7*s + 5. Suppose 170 = 3*h - s*m, 5*m + 4 = -1. List the prime factors of h.
5, 11
What are the prime factors of (-14194)/(-26) - 23/(-299)?
2, 3, 7, 13
Let d(v) = -v**3 + 14*v**2 + 24*v - 23. Suppose -9*g + 3*g = -90. List the prime factors of d(g).
2, 7
Suppose -2*f + 5*s - 1 - 20 = 0, 9 = 3*s. Let r be (f/(-1))/((-18)/(-12)). Suppose t - 9 = u, -2*t + 6*u = r*u - 8. What are the prime factors of t?
2, 7
What are the prime factors of (-1 + 1/(-5))/(45/(-34350))?
2, 229
Suppose 2*a - 4375 = -5*d + 1137, 4*a + 5506 = 5*d. List the prime factors of d.
2, 19, 29
Let l = 2491 - 988. List the prime factors of l.
3, 167
Suppose -y - 1 = -b - 0*b, y + 5*b = 23. Suppose 2*v = 4*i + 25 + 7, -9 = -y*i. List the prime factors of v.
2, 11
Let z(r) = r**3 + 6*r**2 - 7*r + 3. Let v be z(-7). Suppose -v*x + 0*x - 2*t - 2 = 0, 3*x - t = 1. Suppose x*l = -5*l + 190. List the prime factors of l.
2, 19
Let n = -92 + 130. Suppose -2*y + 75 = 3*t - n, t - 1 = 0. List the prime factors of y.
5, 11
Suppose 0*d = -d + 2774. What are the prime factors of d?
2, 19, 73
Let j be 3/(-12) - 151/4. Suppose -4*l = -0*l + 44. Let m = l - j. What are the prime factors of m?
3
Suppose -5*y = -1918 - 1167. What are the prime factors of y?
617
Suppose -3*s = -5*s + 624. Let i = -188 + s. List the prime factors of i.
2, 31
Let m(p) = 14*p**2 + 2*p + 1. Let b be m(-2). Suppose -7*y = -2*a - 2*y + 28, 3*a - 2*y = b. Let f = 42 - a. List the prime factors of f.
23
Let s = -336 + 536. Suppose -5*g + 12 = -2*g. Suppose -s + 28 = -g*d. List the prime factors of d.
43
Suppose -1986*n = -1990*n + 11088. What are the prime factors of n?
2, 3, 7, 11
Suppose -4*v + 26*w = 22*w - 6568, 0 = 3*v + 4*w - 4898. What are the prime factors of v?
2, 3, 7, 13
Let f = 12 + -40. List the prime factors of 5/((1 - -1) + 49/f).
2, 5
Let k(t) = -2*t**2 - 45*t - 18. Let h be k(-22). Suppose -4*f = -h*g + 5*g + 9, 12 = -g - 5*f. What are the prime factors of g?
3
Let x(q) = -13*q**2 + 6*q**2 - 3 + 6*q**2 + 18*q. What are the prime factors of x(15)?
2, 3, 7
Let y = -547 + 1165. List the prime factors of y.
2, 3, 103
Suppose -628 = 13*p - 2214. What are the prime factors of p?
2, 61
Suppose -4*k - k + 44 = -w, 0 = 5*k - 2*w - 48. Let d(l) = -9*l - 3. Let t be d(-7). Suppose 4*j + t = k*j. What are the prime factors of j?
3, 5
What are the prime factors of (-5242)/(-12) + -8 + (-294)/(-36)?
19, 23
Let j = 94 + -28. List the prime factors of (j/(-9))/(8/(-84)).
7, 11
Let y = 539 + -154. What are the prime factors of y?
5, 7, 11
Suppose 0 = 2*m - 0 - 6. Suppose 0 = 4*g - 5*z + 20, 2*g - 2*z + 7 = -m. Let l(b) = -5*b - 13. List the prime factors of l(g).
2, 3
Let o = -99 - -92. Let x(l) = 4*l + 56. List the prime factors of x(o).
2, 7
Let n(d) = 13*d - 16. What are the prime factors of n(31)?
3, 43
Let q be (-4)/(-8) - (-2)/4. Let t(y) = 13*y**2. What are the prime factors of t(q)?
13
Let r(k) be the second derivative of -k**4/12 + 11*k**3/3 + 7*k**2 - 9*k. Let b be r(12). Suppose 0 = 7*f - 9*f + b. What are the prime factors of f?
67
Let k = 87 - -371. Let h = -307 + k. List the prime factors of h.
151
Suppose 4*o + 3*y = 0, 0*o + 4*o - y = 0. Suppose -4*b + 313 = 5*g - 0*b, o = 3*g + 2*b - 187. List the prime factors of g.
61
Let f(s) = -4 - 41*s**2 - 42*s**2 - 9*s + 85*s**2. List the prime factors of f(6).
2, 7
Let p = -2211 - -5057. List the prime factors of p.
2, 1423
Let o = -103 + 135. What are the prime factors of ((-3)/(-6))/(1/o)?
2
Suppose 0 = -5*w - 1745 + 7495. What are the prime factors of w?
2, 5, 23
Suppose -10776 = -w - 3*w + 5*x, 2*w = -5*x + 5358. What are the prime factors of w?
2689
Suppose -7*b - 386 = 1735. Let z = b - -451. List the prime factors of z.
2, 37
Let b be (-4)/14 - 82/7. Let y = -4 - b. Suppose 3*f = y + 10. What are the prime factors of f?
2, 3
Let t(z) = 3*z**2 + 5*z. Let l be t(5). Suppose -v = -6*v + l. What are the prime factors of v?
2, 5
Let n be 3 - (6 - 2)/4. Suppose 0*q + 2*q + 4*i - 10 = 0, n*i = 5*q - 13. List the prime factors of q.
3
Let m(l) be the third derivative of l**5/10 - l**4/24 + 3*l**3/2 - 12*l**2. What are the prime factors of m(-3)?
2, 3, 11
Suppose -51*f + 9*f = -26208. List the prime factors of f.
2, 3, 13
Let d be 6/10 - (-6)/15 - 1. Let z(l) = -l**3 + 4*l**2 + 190. What are the prime factors of z(d)?
2, 5, 19
Suppose -4*s = -17*s + 4628. List the prime factors of s.
2, 89
Let m be 3 - 59*(1 + 3). Suppose 0 + 56 = -2*b. What are the prime factors of b/98 - m/7?
3, 11
Suppose 4*y + 3*h - 2310 = 6991, -5*h + 11625 = 5*y. List the prime factors of y.
2, 1163
What are the prime factors of (-85)/(-1) - 1/(4/(-12))?
2, 11
Suppose -35*q - 2561 + 13971 = 0. What are the prime factors of q?
2, 163
Suppose 5*r = -3*j - 7 - 4, -3*j - 2*r = -1. Let x be (-184)/5*(-2 - 3). Suppose j*c + 67 = x. What are the prime factors of c?
3, 13
Let f = 834 - 492. What are the prime factors of f?
2, 3, 19
Let b be (-5)/((-15)/27) + -5. Suppose 0 = b*y - 2*u - 31 - 417, 4*y + 3*u = 438. What are the prime factors of y?
3, 37
Let w be -2 - (4/14 + (-17937)/(-63)). Let i = w - -436.